= -3*t. Let f(v) be the first derivative of v**4/4 + 7*v**3/3 - 9*v**2/2 - 4*v + 1. What is the units digit of f(t)?
4
Suppose -d - 2*d = 21. Let b = 14 + d. What is the units digit of b?
7
Suppose -5*r = 4*i - 685, -3*i - r + 507 = -4*r. What is the hundreds digit of i?
1
Let w(c) = -c**3 + 9*c**2 - 4*c + 11. Let h be w(9). Let o = 45 + h. What is the units digit of o?
0
Let t = -11 + 6. Let s(v) = v**2 + 2*v. What is the units digit of s(t)?
5
Let g(h) = -h**3 - 15*h**2 - 6*h + 18. What is the units digit of g(-15)?
8
What is the units digit of 0 - (10/15)/(3/(-333))?
4
Let n(x) = 12*x + 88. What is the tens digit of n(20)?
2
Let d(s) be the first derivative of s**4/2 + s**3 - 5*s**2/2 - 4*s - 2. Let v be d(-3). Let w = -7 - v. What is the units digit of w?
9
Let q = 11 - 17. Let r be (21/q)/7*-34. Suppose f - r = 2*j, 3*f - j = 2*j + 54. What is the units digit of f?
9
Suppose -d + 4 = -0*d. Let n = 14 - d. What is the tens digit of n?
1
Suppose 0 = 6*d - 2*d - 140. Let p be (-8)/(-3) + (-2)/3. Suppose -3*g = p*g - d. What is the units digit of g?
7
Let w(c) = c**2 + c + 1. Let b = 4 + 0. What is the tens digit of w(b)?
2
Let g(n) = -n + 10. Let l be g(7). Suppose 28 = -l*o + 7*o. Let k(m) = -m**2 + 8*m. What is the units digit of k(o)?
7
Let d be (1/2)/((-2)/(-16)). Suppose 0 = -d*u + 10 + 74. What is the tens digit of 2/7 - (-225)/u?
1
Let y(l) = 8*l**3 + 4*l**2 - 7*l + 2. What is the units digit of y(2)?
8
Let r = 7 - 2. Let t(v) = v**3 - 5*v**2 - 4. Let w be t(r). What is the units digit of (w/6)/(6/(-63))?
7
Suppose -36 = -3*w - 12. Suppose z - 3*z + w = 0. What is the units digit of z?
4
Suppose 0 = -5*a, 3*a + 82 = 3*x - 146. What is the tens digit of x?
7
Let m be (-3)/2 + (-65)/(-10). Let x = 9 - m. What is the units digit of x?
4
Let h be 1/2 - 6/(-12). Let c be h/6 - 13/6. What is the units digit of (-2)/(-4)*(-4)/c?
1
Let y = -16 + 14. Let f(l) = 3*l**2 + l**2 + l**3 + 3*l + 1 + 0*l**3. What is the units digit of f(y)?
3
What is the tens digit of ((-21)/9)/(2/(-66))?
7
Let c(q) = 6*q - 6. Let t be c(4). Suppose 5*u + 10 = 5*x - 10, -2*x + t = 3*u. What is the units digit of x?
6
Let o(u) = -u**3 - 3*u**2 + 2*u + 3. Let k be o(-3). Let b = 11 + -17. Let n = k - b. What is the units digit of n?
3
Suppose 3*i - 10 = -1. Let t be (4 - i/3) + 2. Suppose 0 = t*m - 3*m - 4. What is the units digit of m?
2
Let n = 7 + -4. Let z = -23 + 34. What is the units digit of (1 - z/n)*-3?
8
Let i(g) = g**3 + 79*g + 10 - 2*g**3 - 10*g**2 - 89*g. What is the tens digit of i(-9)?
1
Let q(d) = -d + 11. Let m = 3 + -3. Suppose m = v - 4 - 5. What is the units digit of q(v)?
2
What is the tens digit of 334/3 + (7 - 3)/(-12)?
1
Let h be 270/14 - (-2)/(-7). Suppose 5*v - h = 6. Suppose f - v - 3 = 0. What is the units digit of f?
8
Suppose -4*f = -2*w - 280, -2*f + 5*w - 34 + 174 = 0. What is the units digit of f?
0
Suppose -7 = -3*i + 113. What is the units digit of i?
0
Let p = -3 + 5. What is the units digit of p - (-4)/(1 - -3)?
3
Suppose 3*c = 5*s - 85, -3*s + 9 + 8 = 5*c. What is the tens digit of s - (0 - 1/1)?
1
What is the hundreds digit of 2*(9/(-15))/((-2)/345)?
2
Let u(d) = 9*d + 9. What is the tens digit of u(3)?
3
Let b(k) = -k**2 + 11*k - 12. Let v = -2 + 2. Suppose 3*t + v*t = 27. What is the units digit of b(t)?
6
Suppose -4*u = 3*w - 123, 4*u = w + w + 118. Let y be u/(-9)*(-3)/2. Suppose 0 = -y*p + 15 + 20. What is the units digit of p?
7
What is the units digit of (-24 - (-15)/5)*-3?
3
Suppose 6*d - 12 = 2*d. Suppose 7*v - 92 = -4*p + d*v, -v + 41 = 2*p. What is the units digit of p?
8
Suppose -6 + 1 = -w. Suppose w*a - 5*v = 30, -a - 4*v = 6 + 8. Suppose -d - d + a = 0. What is the units digit of d?
1
Let b = 16 - 0. What is the tens digit of b?
1
What is the units digit of 5 + 7/(-2)*-6?
6
Suppose -5*h + 46 = 3*i, 4*h + 52 = -i + 6*i. What is the tens digit of i - (0 + 1/1)?
1
Let z(v) = v**2 + 2*v + 2. Let t be z(-2). What is the units digit of 3 + -2 - t - -4?
3
Suppose -3*q + 52 = -2. Suppose g = 2*g + 5*v + q, 5*g - 45 = 2*v. What is the units digit of g?
7
Let m(l) = -l**2 + 8*l + 2. Let p be m(9). Let a = p + 9. What is the units digit of a?
2
Suppose -4*l - 2*i = -688, -187 = -l + 3*i - 1. What is the hundreds digit of l?
1
Suppose 290 = 2*p - 7*p. Let q = -39 - p. What is the units digit of q?
9
Suppose -k + 8 = 3. Suppose -5*t + 10 = -k. What is the units digit of 0 + t + 4/(-2)?
1
What is the units digit of 5/((-30)/(-12))*251/2?
1
Let k be (4 + -5)*3/(-1). Let a = k - 2. What is the units digit of a?
1
Let j(r) = -r**2 + 8*r + 12. Let m be j(9). Let b = m + 31. What is the tens digit of b?
3
Suppose 3*i = 5*q + 23, -2*i + 4*i - 4*q - 18 = 0. Suppose -s = -i - 1. What is the units digit of (s/1)/(2/7)?
7
Let v be (-6)/((-34)/28 - -1). Suppose 8 - 30 = -3*p - l, 2*p - 2*l = v. What is the units digit of p?
9
Let s be (-6)/(-12) - (-5)/2. What is the units digit of (-39)/(-9) - 1/s?
4
Suppose -3*b = 2 - 8. Suppose -b*m - 5*w = -34, 0 = -m - m - 4*w + 32. Suppose -3*n + 7*n - m = 0. What is the units digit of n?
3
What is the units digit of 7/28 - 345/(-12)?
9
Let b = -12 + 7. Let y = b + 3. Let l = 8 + y. What is the units digit of l?
6
Suppose -40 = u + 3*u. What is the tens digit of 6/u + 63/5?
1
What is the tens digit of 395/2 + (-29)/58?
9
Let z be 4/6 + 3/9. Suppose -z + 7 = 3*u. What is the units digit of u?
2
Let d = -219 - -337. What is the units digit of d?
8
Suppose -42 = -3*c - 4*w, 3*c - w - w - 24 = 0. Let l be c + (1 - 5 - -3). Let m = l + -6. What is the units digit of m?
3
Let q(i) = -5*i + 1. Let g = 1 - 3. Let v be q(g). Suppose 4*c + 20 = o + o, c = 2*o - v. What is the units digit of o?
4
Let j = 7 + -5. Let a be (3/(-6) + 2)*j. Suppose a*d = 3*z - 18, -5*d + 2 + 3 = 0. What is the units digit of z?
7
Let i(d) be the first derivative of -9*d**2/2 + 1. What is the tens digit of i(-2)?
1
What is the units digit of (3/4)/(4/(-16)) + 16?
3
Suppose 6*j = 3 + 417. What is the tens digit of j?
7
Let o be 10*(-1)/(-2) - 2. Let l = o - -29. What is the tens digit of l?
3
Let f(r) = -r**2 + 2*r - 5. Let v be f(0). Let z = -4 - v. What is the units digit of z?
1
What is the tens digit of 1*2*((-51)/(-2) - 5)?
4
What is the tens digit of (50 - 3)/(4 + -3 + 0)?
4
Let f(n) = -15*n - 5. Let h be f(-3). Suppose 48 = 4*v - h. What is the units digit of v?
2
Let t = 392 + -240. What is the tens digit of t?
5
Let m = -2 + 36. What is the units digit of m?
4
Let b(g) = -24*g**2 - g - 1. Let m be b(1). Let l = -1 - m. What is the tens digit of l?
2
Suppose 7*d - 2*d = 30. Let l = -2 + d. Suppose l*k = 5*b + 31, b = -k + 2*k - 8. What is the units digit of k?
9
Let b = -46 + 82. What is the units digit of ((-3)/6)/((-2)/b)?
9
Suppose r = 5*o - 367, 5*o - 3*r = -6*r + 359. What is the tens digit of o?
7
Let m(h) = -3*h - 4. What is the units digit of m(-3)?
5
Suppose -3*x + 3 - 6 = 0. Let h(g) = 25*g**2 - 2*g - 1. Let z be h(x). Let q = -18 + z. What is the units digit of q?
8
Suppose 0 = -2*v + 10 + 40. What is the units digit of v?
5
Suppose 5*f + 0 = 15. Suppose -64 = -5*q + g, -f*q + 0*q + 4*g = -52. What is the units digit of q?
2
Let q be (-22)/3*-3 + -2. Let i be (-155)/q - (-2)/(-8). Let o(x) = -x**3 - 8*x**2 - x + 6. What is the tens digit of o(i)?
1
Let v(a) = -9*a + 15. What is the units digit of v(-11)?
4
Let q = -11 + 15. Suppose -r + w + 35 = 2*w, 45 = r - q*w. What is the units digit of r?
7
Suppose 2*y - 5*z + 3 = 0, -y - 4*z + 16 + 2 = 0. Let i = -5 + 10. Suppose p + i = y. What is the units digit of p?
1
Let i be (-2)/(-11) + (-86)/(-11). Suppose -6*s = -i*s + 40. What is the tens digit of s?
2
Let k(h) = h**2 + 5*h + 6. Let b be k(-5). Suppose b = 4*d - 2*d. Suppose -j = d - 12. What is the units digit of j?
9
Suppose g - 3 = -0*g. Suppose 0 = 4*n + 5*b + 5 - 4, -b = 5*n + 17. Let p = g - n. What is the units digit of p?
7
Let c(i) = 9*i**2 + 9*i + 6. What is the hundreds digit of c(-4)?
1
Suppose 10*p = 2*p + 1128. What is the tens digit of p?
4
Let s(v) = v**2 + 9*v + 10. Let r be s(-8). Suppose 0 = 6*m - r*m - 92. What is the units digit of m?
3
Let i(t) = 112*t**3 - 2*t**2 - t + 2. What is the tens digit of i(1)?
1
Suppose 5*m = -145 + 405. What is the tens digit of m?
5
Let f = 239 + -171. What is 